6 and 2366.
182
Calculate the greatest common divisor of 1464 and 19276.
244
Calculate the highest common factor of 1651 and 611.
13
What is the greatest common factor of 14877 and 23693?
551
Calculate the highest common divisor of 2390 and 250.
10
Calculate the greatest common factor of 172952 and 338.
26
What is the greatest common factor of 385 and 31405?
55
What is the highest common divisor of 460 and 106030?
230
Calculate the greatest common factor of 15175 and 5050.
25
What is the highest common factor of 3 and 130267?
1
Calculate the highest common factor of 40125 and 250.
125
What is the greatest common factor of 263905 and 705?
235
What is the highest common divisor of 29206 and 34?
34
What is the greatest common factor of 146979 and 567?
63
Calculate the highest common divisor of 42904 and 24.
8
What is the highest common factor of 125 and 660675?
25
Calculate the highest common factor of 1116 and 298220.
124
What is the greatest common divisor of 208 and 235274?
26
What is the greatest common divisor of 216860 and 168?
28
Calculate the highest common factor of 711 and 6492141.
711
What is the highest common divisor of 2957 and 16?
1
What is the greatest common divisor of 9 and 1734210?
9
Calculate the highest common divisor of 2985 and 165369.
597
What is the greatest common divisor of 1408 and 27291?
11
Calculate the highest common divisor of 108 and 512028.
108
What is the greatest common divisor of 288749 and 597?
199
Calculate the greatest common factor of 14 and 2838073.
7
Calculate the greatest common factor of 290 and 6740.
10
What is the highest common factor of 9867 and 363?
33
What is the greatest common divisor of 50 and 25815?
5
Calculate the highest common factor of 21853 and 949.
13
Calculate the greatest common divisor of 236685 and 4185.
465
What is the highest common divisor of 12880 and 95?
5
What is the greatest common divisor of 1136 and 189?
1
Calculate the highest common factor of 20991600 and 245.
245
Calculate the highest common divisor of 15613 and 13.
13
Calculate the highest common divisor of 51882 and 18.
6
What is the greatest common factor of 193 and 110203?
193
What is the highest common divisor of 49183 and 2872?
359
What is the greatest common factor of 544 and 4250?
34
Calculate the greatest common factor of 36 and 354204.
36
Calculate the highest common divisor of 9775 and 125.
25
What is the highest common divisor of 49662 and 3906?
558
Calculate the greatest common divisor of 3558 and 7709.
593
What is the greatest common divisor of 112711 and 3771?
419
Calculate the greatest common factor of 416 and 243555.
13
Calculate the highest common factor of 2162 and 322.
46
What is the greatest common divisor of 486262 and 94?
94
What is the highest common divisor of 94 and 470?
94
Calculate the highest common divisor of 3292 and 204.
4
Calculate the greatest common factor of 945 and 355725.
135
What is the greatest common factor of 165 and 651090?
165
What is the greatest common divisor of 10373 and 9867?
253
What is the highest common divisor of 29013 and 42?
3
What is the greatest common divisor of 10044 and 6480?
324
What is the greatest common divisor of 383249 and 437?
437
What is the greatest common factor of 39536 and 308?
28
What is the greatest common divisor of 8772 and 36?
12
What is the highest common divisor of 207 and 309?
3
What is the highest common factor of 16655 and 1035?
5
What is the greatest common divisor of 7917 and 1659?
21
Calculate the greatest common divisor of 7410 and 138.
6
Calculate the highest common divisor of 108 and 1141236.
108
What is the highest common factor of 19960 and 8790?
10
What is the greatest common factor of 2175 and 129775?
725
What is the greatest common divisor of 28 and 29732?
4
Calculate the highest common factor of 1680 and 2320.
80
What is the greatest common divisor of 122 and 16?
2
What is the highest common factor of 88 and 137368?
88
What is the greatest common factor of 3575 and 4125?
275
Calculate the highest common factor of 145027 and 9367.
323
Calculate the highest common factor of 208 and 21814.
26
Calculate the greatest common factor of 299035 and 110.
55
Calculate the highest common divisor of 6342 and 714.
42
What is the greatest common factor of 288 and 65628?
36
What is the highest common divisor of 2189 and 1331?
11
What is the highest common factor of 7233 and 4?
1
Calculate the greatest common factor of 5750 and 3151.
23
Calculate the highest common divisor of 338248 and 1.
1
Calculate the greatest common divisor of 32856 and 3072.
24
Calculate the highest common factor of 40375 and 855.
95
What is the highest common divisor of 154 and 3938?
22
Calculate the greatest common divisor of 26 and 3148119.
13
What is the highest common factor of 110 and 2202035?
55
Calculate the highest common factor of 531 and 13747.
59
Calculate the highest common divisor of 166 and 426205.
83
Calculate the greatest common factor of 24 and 9918.
6
What is the greatest common divisor of 33210 and 37720?
410
What is the greatest common factor of 60020 and 1460?
20
What is the greatest common divisor of 575700 and 303?
303
What is the highest common factor of 19833 and 198?
33
What is the highest common divisor of 5489 and 26447?
499
Calculate the greatest common factor of 2700 and 1170.
90
Calculate the greatest common divisor of 2488476 and 36.
12
Calculate the greatest common factor of 68516 and 28.
28
What is the greatest common factor of 6398035 and 340?
85
Calculate the highest common divisor of 68390 and 70.
70
Calculate the greatest common divisor of 1222988 and 7540.
1508
What is the greatest common divisor of 2964 and 105924?
156
What is the highest common factor of 15371 and 27037?
19
What is the greatest common factor of 13 and 274157?
13
Calculate the greatest common divisor of 150 and 58900.
50
What is the highest common factor of 1454 and 1197369?
727
What is the highest common divisor of 51 and 87363?
51
What is the highest common factor of 16853 and 19?
19
Calculate the greatest common factor of 4300042 and 38.
38
What is the highest common factor of 24476 and 1276?
116
Calculate the highest common factor of 22495 and 737.
11
What is the greatest common divisor of 184331 and 238?
119
Calculate the greatest common divisor of 570 and 61750.
190
Calculate the greatest common factor of 24 and 36348.
12
Calculate the greatest common divisor of 140 and 17605.
35
Calculate the greatest common divisor of 2875 and 61750.
125
What is the greatest common divisor of 1045 and 3355?
55
Calculate the greatest common divisor of 10269 and 5901.
21
What is the highest common factor of 226 and 62941?
113
Calculate the highest common divisor of 10 and 292210.
10
What is the greatest common factor of 296 and 23014?
74
What is the greatest common factor of 3715 and 312803?
743
What is the highest common factor of 1154 and 1649066?
1154
Calculate the highest common divisor of 593031 and 12.
3
Calculate the highest common divisor of 10005 and 36915.
345
What is the greatest common divisor of 204756 and 1695?
339
Calculate the highest common factor of 35 and 2212175.
35
What is the highest common divisor of 1785 and 22925?
35
What is the greatest common factor of 586183 and 51389?
871
What is the highest common factor of 199449 and 27?
27
Calculate the highest common divisor of 240 and 466608.
48
Calculate the greatest common factor of 380268 and 1512.
756
Calculate the highest common divisor of 17295712 and 16.
16
What is the highest common divisor of 3825 and 1425?
75
What is the highest common divisor of 319 and 256157?
319
What is the greatest common divisor of 306 and 14739?
51
What is the highest common factor of 159148 and 132?
44
What is the greatest common factor of 6035 and 1065?
355
Calculate the greatest common factor of 4172 and 19966.
298
What is the greatest common factor of 115904 and 160?
32
What is the highest common divisor of 51376 and 74022?
338
Calculate the highest common divisor of 204 and 459.
51
Calculate the highest common factor of 359864 and 104.
8
What is the highest common factor of 1764 and 33327?
63
What is the highest common divisor of 1316011 and 173?
173
Calculate the highest common divisor of 1596 and 32130.
42
What is 